hat is the units digit of 4269155?
5
What is the ten thousands digit of 21847267?
4
What is the units digit of 88269?
9
What is the units digit of 76168?
8
What is the units digit of 35406817?
7
What is the hundred thousands digit of 169205?
1
What is the hundreds digit of 27690?
6
What is the ten thousands digit of 22795275?
9
What is the ten thousands digit of 1659756?
5
What is the units digit of 1755942?
2
What is the thousands digit of 223302?
3
What is the millions digit of 2644138?
2
What is the ten thousands digit of 428283?
2
What is the units digit of 1059442?
2
What is the hundreds digit of 157096?
0
What is the ten thousands digit of 1504227?
0
What is the thousands digit of 314628?
4
What is the ten thousands digit of 364169?
6
What is the hundreds digit of 2250596?
5
What is the ten thousands digit of 252915?
5
What is the thousands digit of 348896?
8
What is the thousands digit of 225251?
5
What is the hundred thousands digit of 516011?
5
What is the ten thousands digit of 8181831?
8
What is the tens digit of 840955?
5
What is the hundred thousands digit of 15485534?
4
What is the thousands digit of 40624606?
4
What is the units digit of 231058?
8
What is the thousands digit of 1306570?
6
What is the hundreds digit of 755274?
2
What is the hundreds digit of 5580800?
8
What is the millions digit of 31628342?
1
What is the ten thousands digit of 199764?
9
What is the thousands digit of 18937992?
7
What is the ten thousands digit of 1537901?
3
What is the tens digit of 229349?
4
What is the hundreds digit of 3431978?
9
What is the hundreds digit of 7964894?
8
What is the units digit of 949975?
5
What is the tens digit of 2461?
6
What is the ten thousands digit of 22547188?
4
What is the hundred thousands digit of 16299649?
2
What is the thousands digit of 843006?
3
What is the thousands digit of 584265?
4
What is the units digit of 1237263?
3
What is the units digit of 737427?
7
What is the thousands digit of 454996?
4
What is the tens digit of 1057452?
5
What is the units digit of 1954128?
8
What is the hundreds digit of 2228787?
7
What is the thousands digit of 613269?
3
What is the thousands digit of 3544702?
4
What is the thousands digit of 1952792?
2
What is the hundreds digit of 931761?
7
What is the units digit of 19091?
1
What is the hundreds digit of 970149?
1
What is the ten thousands digit of 198191?
9
What is the ten thousands digit of 15903294?
0
What is the tens digit of 1719922?
2
What is the hundred thousands digit of 2630605?
6
What is the thousands digit of 7226315?
6
What is the hundreds digit of 305817?
8
What is the units digit of 1072897?
7
What is the hundreds digit of 870282?
2
What is the hundreds digit of 7795026?
0
What is the ten thousands digit of 726665?
2
What is the ten thousands digit of 132101?
3
What is the thousands digit of 13270?
3
What is the hundred thousands digit of 373347?
3
What is the tens digit of 12437067?
6
What is the tens digit of 2407?
0
What is the ten thousands digit of 9227732?
2
What is the tens digit of 5016378?
7
What is the units digit of 1199865?
5
What is the units digit of 43410?
0
What is the hundred thousands digit of 111166?
1
What is the hundred thousands digit of 763977?
7
What is the millions digit of 1326117?
1
What is the hundreds digit of 6304441?
4
What is the hundred thousands digit of 3989327?
9
What is the tens digit of 285374?
7
What is the ten thousands digit of 153949?
5
What is the ten thousands digit of 241868?
4
What is the ten thousands digit of 1119281?
1
What is the ten thousands digit of 286474?
8
What is the thousands digit of 357910?
7
What is the ten thousands digit of 1527805?
2
What is the hundreds digit of 47006?
0
What is the hundreds digit of 64031?
0
What is the thousands digit of 6027?
6
What is the thousands digit of 2940941?
0
What is the ten thousands digit of 24408481?
0
What is the hundreds digit of 12187510?
5
What is the hundred thousands digit of 914906?
9
What is the tens digit of 368702?
0
What is the tens digit of 25568380?
8
What is the thousands digit of 121307?
1
What is the thousands digit of 5642241?
2
What is the ten thousands digit of 17727751?
2
What is the hundreds digit of 21051051?
0
What is the tens digit of 4353967?
6
What is the hundreds digit of 184416?
4
What is the ten thousands digit of 1547145?
4
What is the thousands digit of 437057?
7
What is the tens digit of 4695345?
4
What is the hundred thousands digit of 325936?
3
What is the tens digit of 7045108?
0
What is the millions digit of 20144062?
0
What is the hundreds digit of 911306?
3
What is the tens digit of 17958121?
2
What is the ten thousands digit of 4063479?
6
What is the ten thousands digit of 340257?
4
What is the thousands digit of 689750?
9
What is the hundreds digit of 6588549?
5
What is the millions digit of 1742349?
1
What is the thousands digit of 307611?
7
What is the thousands digit of 283082?
3
What is the millions digit of 5337904?
5
What is the tens digit of 5793143?
4
What is the hundred thousands digit of 16579299?
5
What is the units digit of 16673548?
8
What is the thousands digit of 11158715?
8
What is the units digit of 15903565?
5
What is the hundred thousands digit of 3166066?
1
What is the tens digit of 3844196?
9
What is the units digit of 101570?
0
What is the thousands digit of 2083937?
3
What is the hundreds digit of 1883405?
4
What is the hundreds digit of 492235?
2
What is the millions digit of 2003331?
2
What is the tens digit of 6027067?
6
What is the ten thousands digit of 232960?
3
What is the hundreds digit of 20010246?
2
What is the hundreds digit of 394508?
5
What is the hundreds digit of 177432?
4
What is the hundred thousands digit of 6834799?
8
What is the tens digit of 6809028?
2
What is the hundred thousands digit of 24957869?
9
What is the tens digit of 3217047?
4
What is the units digit of 211872?
2
What is the tens digit of 284960?
6
What is the thousands digit of 3957595?
7
What is the tens digit of 905051?
5
What is the hundreds digit of 435204?
2
What is the units digit of 77801?
1
What is the thousands digit of 6039070?
9
What is the millions digit of 1156272?
1
What is the millions digit of 1808047?
1
What is the thousands digit of 618656?
8
What is the hundreds digit of 62365?
3
What is the hundreds digit of 782975?
9
What is the millions digit of 1024683?
1
What is the hundreds digit of 171083?
0
What is the ten thousands digit of 170372?
7
What is the thousands digit of 3995875?
5
What is the hundred thousands digit of 4313551?
3
What is the hundred thousands digit of 255714?
2
What is the thousands digit of 842725?
2
What is the tens digit of 3665226?
2
What is the hundreds digit of 188997?
9
What is the units digit of 3245?
5
What is the ten thousands digit of 432658?
3
What is the tens digit of 1783593?
9
What is the units digit of 13533226?
6
What is the hundreds digit of 2912313?
3
What is the hundred thousands digit of 367668?
3
What is the thousands digit of 230093?
0
What is the tens digit of 22625?
2
What is the millions digit of 1373069?
1
What is the ten thousands digit of 750357?
5
What is the tens digit of 180860?
6
What is the hundreds digit of 293429?
4
What is the hundreds digit of 15342731?
7
What is the units digit of 888313?
3
What is the hundred thousands digit of 20842325?
8
What is the ten thousands digit of 219121?
1
What is the ten millions digit of 41104643?
4
What is the hundreds digit of 43084978?
9
What is the millions digit of 1074892?
1
What is the thousands digit of 116471?
6
What is the hundred thousands digit of 1426858?
4
What is the units digit of 34098?
8
What is the thousands digit of 3751667?
1
What is the units digit of 989448?
8
What is the hundred thousands digit of 290343?
2
What is the hundreds digit of 95115?
1
What is the units digit of 9545552?
2
What is the tens digit of 7987655?
5
What is the tens digit of 920647?
4
What is the thousands digit of 541699?
1
What is the hundreds digit of 6089?
0
What is the tens digit of 10663451?
5
What is the hundred thousands digit of 2280466?
2
What is the thousands digit of 42741?
2
What is the hundred thousands digit of 409337?
4
What is the tens digit of 136746?
4
What is the thousands digit of 4543786?
3
What